 12. Suppose -2*i - 2*m + 20 = 0, 2*i - 9 = z*m + 31. What is the highest common factor of i and 154?
14
Suppose -y - 2*q - 2 = 0, -4*q + 0*q - 4 = y. Suppose 4 = -s + 34. Suppose -2*k = -y*k - s. Calculate the highest common factor of 10 and k.
5
Let n = 34 - -38. What is the greatest common factor of 9 and n?
9
Let q = -8 - -47. Let o be 1/(-1*2/(-6)). Suppose -5*g + 99 = 4*v, v - 103 = -o*v - g. Calculate the greatest common factor of q and v.
13
Let v = 46 - 28. What is the highest common factor of v and 126?
18
Let l(k) = -12*k. Let o be l(-1). Suppose -4*s - 4*w + 102 = -w, 4 = 2*w. What is the highest common divisor of o and s?
12
Suppose 21 = 5*h - 4*o + 2*o, -2*o - 18 = -4*h. Suppose -66 = h*n - 6*n. What is the greatest common divisor of 11 and n?
11
Suppose 0*i + 48 = 4*i. Let z be (-1 + 0)*(-13 - -1). What is the greatest common factor of i and z?
12
Let q(c) = c**2 + 5*c - 4. Let d be q(-5). Let n be 6*(2 - (-6)/d). Calculate the greatest common divisor of 3 and n.
3
Let o be (-15)/(-4)*(-16)/(-6). Let v be 76 + -3 + 3 - -2 - -2. Calculate the highest common factor of v and o.
10
Suppose -3*f = f - 24. Let j be 1*(1 + -1) - -48. Suppose j = 3*w + w. Calculate the highest common factor of w and f.
6
Let k(f) = -f**2 - 10*f + 15. Let m be k(-11). Calculate the greatest common divisor of 2 and m.
2
Suppose 3*s + y - 291 = 0, y - 74 = -s + 25. Calculate the highest common divisor of s and 6.
6
Suppose -2*z + 33 = z. Let r(g) = 11*g - 2. Let s be r(z). Calculate the greatest common factor of s and 17.
17
Let j = 217 - 101. Suppose 3*q = -u + 191, 2*u = 2*q - 3*u - j. Let g be 10 - 9/(3 + 0). What is the highest common factor of g and q?
7
Let j be 272/17 + 1 + -1. Calculate the highest common factor of 80 and j.
16
Let f be ((-2)/4)/((-2)/8). Let y = 11 + f. Suppose -4*x + 32 + 144 = -5*d, 2*x - 4*d = 94. Calculate the highest common divisor of x and y.
13
Let y be (24/(-10))/(-4 - 108/(-30)). What is the greatest common factor of y and 24?
6
Suppose -7*l = -3*l - 72. What is the highest common divisor of 36 and l?
18
Let f be 2*(1 + (-15)/(-2)). What is the highest common divisor of 187 and f?
17
Let s = 34 - 16. Calculate the greatest common divisor of s and 18.
18
Let w = 7 + -19. Let c be (w/5)/((-3)/190). Suppose -8*v + 57 = -5*v. What is the greatest common factor of c and v?
19
Suppose -49 = -4*x - 9. Calculate the greatest common divisor of 80 and x.
10
Let q be (-13)/39 + 241/3. What is the highest common factor of q and 20?
20
Suppose -266 = -6*j + 514. Calculate the highest common factor of j and 26.
26
Suppose -3*g = -7*g + 28. Let u = 47 - g. What is the highest common divisor of u and 10?
10
Let a = -118 + 314. Calculate the greatest common divisor of 28 and a.
28
Let p(n) = -27*n - 9. Let s be p(-6). Let g(l) = l**2 + l**2 - l**2 - 8. Let b be g(5). Calculate the highest common factor of b and s.
17
Suppose w + 72 = 3*r, -4*r + 96 = -0*r - 2*w. Let x = -3 + 5. Suppose x*m + 24 = 6*m. What is the highest common divisor of m and r?
6
Let r = -22 - -38. Suppose 0 = -j - 2*j + 5*v + 2, -5*j - v = 34. Let g be (11 + -8)*(-4)/j. What is the highest common divisor of r and g?
2
Let m = -31 + 44. Let q = 13 - 10. Let w be (39/q)/(-2 - -3). What is the highest common divisor of w and m?
13
Let d be ((-28)/(-6))/(4/24). What is the highest common divisor of d and 70?
14
Let y = 8 - 10. Let u(i) = -i**2 - 6*i + 4. Let t be u(-6). Let w = t + y. Calculate the greatest common divisor of w and 14.
2
Suppose v + 16 = 3*n, -3*n + 6*v = 2*v - 19. Let s(p) = p**3 - 2*p**2 + 7*p. Let r be s(n). Calculate the highest common divisor of r and 10.
10
Let v(p) = p - 3. Let a be v(-6). Let i = a - -13. Calculate the highest common factor of i and 28.
4
Suppose -6 = -w + 2*d + 2, 3*w - 16 = -2*d. Calculate the highest common factor of 30 and w.
6
Let w be -159 - 1*(-2 - 1). Let h = -262 + 503. Let m = h + w. Calculate the greatest common factor of 17 and m.
17
Suppose l = -2*w + 31, 2*l = 4*w + l - 47. Calculate the highest common factor of 26 and w.
13
Let o(b) = b**3 + 8*b**2 - b - 6. Let s be o(-8). Suppose -5 = -s*i + 23. What is the highest common factor of i and 56?
14
Let z(d) = -6*d**2 - 2*d. Let t be z(-2). Let o = t - -32. Calculate the highest common divisor of o and 84.
12
Let p = -99 - -112. Calculate the highest common factor of 104 and p.
13
Let n be (3/1 + -5)*-10. Let x be (-634)/(-10) - 8/n. Let i be (-4)/18 + 644/x. What is the highest common divisor of 5 and i?
5
Suppose 7*n - 160 = -41. What is the greatest common divisor of n and 187?
17
Let o = 19 + -9. Let z(b) = 3*b**2 - 2*b - 5. Let t be z(-5). Calculate the highest common factor of t and o.
10
Suppose 8 = 4*n, -69 - 77 = -3*g - n. Calculate the greatest common factor of 24 and g.
24
Let o be -3 - -5 - (-2 + 0). Suppose -2*p + 153 = p. Let h = p - 19. Calculate the greatest common factor of o and h.
4
Let p(q) = 4*q**2 + 2*q - 5. Let k be p(3). Calculate the highest common factor of k and 37.
37
Let k be (-6)/(-9) - (-294)/18. What is the highest common factor of k and 34?
17
Let x(y) be the second derivative of -y**5/20 - y**4/4 + 4*y**3/3 + 3*y**2/2 + y. Let n be x(-5). What is the highest common divisor of n and 13?
13
Let h(z) = z**3 + 3*z**2 - 4*z. Let q be h(-3). Calculate the highest common factor of 4 and q.
4
Let k(y) = y - 7. Let n be k(7). Suppose 0*o + o - 3 = n. What is the greatest common factor of o and 9?
3
Let f(r) = 3*r - 4. Suppose -5*n + 32 = -n. Let w be f(n). What is the highest common factor of w and 100?
20
Suppose w + 126 = 4*w. Let v be (3 - 1)*92/(-8). Let o = v - -37. What is the highest common factor of w and o?
14
Let y be -2*2/(4/34). Let f = -18 - y. Suppose -4*t + 500 = -5*o - 7, -4*t - o = -513. What is the highest common divisor of t and f?
16
Suppose -4*u + 24 = -x, 0 = -4*u - 2*x - 8 + 20. Calculate the highest common factor of 35 and u.
5
Let v = 38 - 15. Suppose 2*z + v = 5*r, -z = -2*r + 3*r + 1. Suppose r*j = 32 + 16. Calculate the greatest common divisor of 112 and j.
16
Suppose 4*w + 12 = 0, -5*c + 2 = -w - 11. Suppose c*m = 2 + 20. What is the greatest common divisor of 11 and m?
11
Suppose -2*h = -13 + 3. Suppose 0 = 5*d - d + 4*y - 60, -h*y = 2*d - 15. Calculate the highest common divisor of d and 4.
4
Suppose -2*b + 33 = -107. Calculate the greatest common divisor of b and 28.
14
Let q be -2 + 4 + 4 + 1. Let f be (-4)/(-14) - 290/(-14). Calculate the greatest common divisor of f and q.
7
Suppose 2*s - 87 = -5*o, -28*s + 30*s - 4*o - 60 = 0. Let b(r) = 18*r. Let l be b(1). Calculate the highest common factor of l and s.
18
Suppose 5*m - 1 - 9 = 0. Suppose 16 = 4*b - m*x, 3*x - 3 = -3*b - 0. Suppose 2*u + 36 = b*u. What is the highest common divisor of 9 and u?
9
Let p(i) = -i**3 + 4*i**2 + 6*i - 5. Let b be p(-5). Suppose 4 = -2*k + 20. Let z = k - -11. Calculate the highest common divisor of b and z.
19
Let j(c) = -c**3 + 4*c**2 - 2*c + 7. Let q be j(3). What is the highest common factor of q and 6?
2
Let o(q) = q**3 - q**2 - 2*q + 18. Let y be o(0). Calculate the greatest common divisor of 18 and y.
18
Let z be (-204)/36 - 1/3. Let g(d) = -6*d - 2. Let r be g(z). What is the greatest common divisor of r and 17?
17
Let h(q) = -7*q - 9. Let p be h(-9). Calculate the greatest common factor of 6 and p.
6
Let q = 4 + -14. Let w = 13 + q. Calculate the highest common divisor of 2 and w.
1
Suppose c + 5*g + 7 = 0, 2*c - g = -0*c + 8. Suppose -c*k = -3 - 6. What is the highest common factor of k and 9?
3
Suppose 2*v - 30 = -5*t, -3*v + 8*v + 25 = 0. Let o(b) = 80*b**2 + b + 1. Let f be o(-1). What is the highest common divisor of f and t?
8
Suppose 0 = -2*o - o + 66. Suppose 3*u + 2*u + 5*k = 30, 3*u = -2*k + 23. Calculate the greatest common factor of u and o.
11
Let h = 7 + -5. Let v(r) = 19*r**2 - 4*r + 2. Let j be v(h). Let c(m) = -m + 23. Let d be c(9). Calculate the highest common factor of j and d.
14
Let a be -6*((-10)/(-6) + -2). Let l be -19 - 1/a*2. Let c be (l/6)/((-4)/6). What is the greatest common divisor of 10 and c?
5
Let u(r) = 2*r - 7. Let v be u(7). Let k = -17 + 40. Suppose k + v = m. What is the greatest common divisor of 20 and m?
10
Let b(g) = g**2 - 3. Let f be b(-5). What is the highest common factor 